d 6438.
74
Calculate the greatest common factor of 368 and 48.
16
Calculate the greatest common divisor of 288 and 774.
18
Calculate the highest common factor of 17 and 17.
17
Calculate the greatest common factor of 455 and 39.
13
Calculate the greatest common divisor of 80 and 32.
16
Calculate the greatest common divisor of 456 and 72.
24
Calculate the greatest common divisor of 5 and 571.
1
What is the highest common factor of 575 and 207?
23
What is the greatest common divisor of 26 and 4238?
26
What is the greatest common factor of 241 and 3?
1
What is the greatest common divisor of 1215 and 4185?
135
Calculate the highest common factor of 64 and 72.
8
What is the greatest common divisor of 82 and 369?
41
What is the highest common factor of 18975 and 30?
15
Calculate the highest common divisor of 2001 and 87.
87
Calculate the highest common factor of 40 and 8.
8
Calculate the highest common factor of 49 and 4949.
49
Calculate the highest common divisor of 36 and 4.
4
Calculate the highest common divisor of 29 and 493.
29
Calculate the highest common divisor of 212 and 1007.
53
What is the greatest common divisor of 192 and 3936?
96
Calculate the greatest common divisor of 1107 and 82.
41
What is the greatest common factor of 70 and 12068?
14
Calculate the greatest common factor of 3618 and 6834.
402
Calculate the highest common divisor of 468 and 900.
36
What is the greatest common divisor of 18688 and 876?
292
What is the greatest common divisor of 48061 and 13?
13
What is the greatest common factor of 344 and 2236?
172
What is the highest common factor of 58 and 928?
58
What is the highest common factor of 177 and 3009?
177
Calculate the greatest common divisor of 9802 and 130.
26
Calculate the greatest common divisor of 21856 and 64.
32
Calculate the highest common divisor of 134496 and 288.
288
Calculate the highest common divisor of 14 and 1792.
14
Calculate the highest common divisor of 468 and 8307.
117
What is the greatest common factor of 20 and 5260?
20
What is the greatest common factor of 645 and 15?
15
What is the greatest common divisor of 1670 and 170?
10
Calculate the highest common divisor of 27 and 18.
9
What is the highest common factor of 5 and 3?
1
What is the greatest common factor of 76 and 285?
19
Calculate the highest common factor of 56 and 91.
7
What is the highest common factor of 248 and 31?
31
What is the highest common factor of 16 and 164?
4
What is the greatest common divisor of 636 and 24?
12
Calculate the highest common factor of 155 and 42935.
155
Calculate the highest common factor of 70 and 230.
10
What is the greatest common divisor of 9696 and 60?
12
What is the greatest common factor of 102 and 136?
34
What is the highest common divisor of 96 and 160?
32
What is the highest common divisor of 2553 and 69?
69
Calculate the greatest common factor of 20 and 855.
5
Calculate the greatest common factor of 116 and 667.
29
What is the greatest common divisor of 48 and 9624?
24
Calculate the greatest common factor of 60145 and 115.
115
What is the greatest common divisor of 49 and 161?
7
What is the greatest common divisor of 88 and 297?
11
Calculate the highest common factor of 238 and 102.
34
Calculate the highest common divisor of 7807 and 370.
37
Calculate the highest common factor of 265 and 106.
53
Calculate the greatest common divisor of 329 and 47.
47
What is the highest common divisor of 68 and 85?
17
Calculate the highest common factor of 1650 and 770.
110
Calculate the highest common factor of 94 and 1692.
94
Calculate the highest common divisor of 5085 and 225.
45
Calculate the highest common divisor of 84 and 21.
21
What is the greatest common divisor of 112 and 4816?
112
What is the highest common divisor of 180 and 80?
20
Calculate the highest common divisor of 38 and 4446.
38
Calculate the greatest common factor of 6 and 3.
3
Calculate the highest common factor of 594 and 30.
6
Calculate the greatest common factor of 11914 and 74.
74
What is the greatest common divisor of 9 and 4977?
9
Calculate the highest common factor of 8 and 184.
8
Calculate the highest common factor of 77 and 176.
11
What is the highest common divisor of 94 and 47?
47
Calculate the greatest common factor of 17 and 4012.
17
Calculate the highest common divisor of 2466 and 36.
18
What is the greatest common divisor of 1048 and 8?
8
What is the highest common divisor of 72 and 27?
9
Calculate the highest common factor of 6 and 492.
6
What is the highest common factor of 303 and 202?
101
Calculate the greatest common factor of 343 and 196.
49
Calculate the greatest common factor of 16 and 686.
2
Calculate the greatest common factor of 51 and 17.
17
What is the highest common divisor of 108 and 243?
27
What is the highest common divisor of 40 and 3560?
40
What is the highest common factor of 40 and 55?
5
What is the highest common divisor of 53 and 8321?
53
What is the highest common factor of 63 and 1953?
63
What is the greatest common factor of 6896 and 16?
16
What is the highest common factor of 44 and 209?
11
What is the highest common factor of 31 and 4309?
31
What is the greatest common factor of 36 and 23208?
12
Calculate the greatest common divisor of 88 and 192.
8
What is the greatest common factor of 456 and 264?
24
Calculate the greatest common factor of 117 and 26.
13
What is the greatest common factor of 1020 and 153?
51
What is the highest common factor of 6075 and 486?
243
What is the greatest common factor of 703 and 19?
19
What is the highest common factor of 24735 and 34?
17
Calculate the highest common factor of 266 and 5206.
38
What is the highest common divisor of 890 and 40?
10
What is the greatest common factor of 70 and 42?
14
What is the greatest common factor of 323 and 76?
19
What is the greatest common factor of 837 and 31?
31
What is the greatest common factor of 46 and 851?
23
What is the greatest common divisor of 203 and 29?
29
What is the highest common divisor of 32 and 2608?
16
What is the greatest common factor of 94 and 19787?
47
What is the greatest common divisor of 576 and 128?
64
Calculate the greatest common factor of 2265 and 30.
15
What is the highest common factor of 30 and 285?
15
What is the highest common divisor of 468 and 108?
36
Calculate the greatest common divisor of 126 and 81.
9
Calculate the greatest common divisor of 134 and 142.
2
Calculate the greatest common divisor of 731 and 272.
17
Calculate the highest common divisor of 153 and 136.
17
What is the highest common factor of 44 and 1188?
44
Calculate the greatest common divisor of 18 and 954.
18
Calculate the greatest common factor of 1634 and 570.
38
Calculate the highest common divisor of 64 and 32.
32
What is the highest common factor of 177 and 118?
59
What is the highest common divisor of 33 and 4?
1
Calculate the greatest common factor of 56 and 8.
8
What is the greatest common factor of 144 and 9?
9
Calculate the greatest common factor of 5875 and 25.
25
Calculate the greatest common divisor of 80 and 64.
16
Calculate the highest common factor of 198 and 18.
18
Calculate the highest common divisor of 1656 and 3588.
276
What is the greatest common factor of 464 and 400?
16
Calculate the highest common divisor of 4510 and 50.
10
Calculate the highest common divisor of 9485 and 35.
35
Calculate the greatest common divisor of 58 and 203.
29
What is the greatest common factor of 616 and 33?
11
What is the greatest common factor of 20 and 108?
4
What is the greatest common divisor of 1 and 9?
1
Calculate the highest common factor of 429 and 26.
13
Calculate the greatest common divisor of 3672 and 18.
18
Calculate the greatest common factor of 950 and 290.
10
What is the highest common factor of 9 and 21?
3
Calculate the highest common divisor of 252 and 225.
9
Calculate the highest common factor of 396 and 88.
44
What is the greatest common factor of 128 and 56?
8
What is the greatest common factor of 18900 and 216?
108
Calculate the greatest common divisor of 27088 and 16.
16
Calculate the highest common divisor of 141 and 1081.
47
What is the greatest common factor of 455 and 4865?
35
What is the highest common factor of 11 and 2123?
11
What is the highest common factor of 170 and 6?
2
Calculate the highes